*g + 241. List the prime factors of m(v).
3, 149
Let m = -256 - -256. Suppose -v - 4*b = -323, m = -0*v + 5*v - b - 1573. What are the prime factors of v?
3, 5, 7
Let j be (-6)/(3 - 5) + 72. Suppose 79*z - j*z - 852 = 0. What are the prime factors of z?
3, 71
Let q(p) = -3056*p - 4020. What are the prime factors of q(-7)?
2, 43, 101
Let t be (14/2)/(9/18). Suppose 0 = 2*a - 4*b - 114, t*b = 3*a + 18*b - 161. List the prime factors of a.
5, 11
Let c(j) = 72*j + 382. Let a be c(18). Suppose b = u - 0*u + 1658, b = -3*u + a. What are the prime factors of b?
1663
Suppose 0 = -4*x + 34*r - 33*r + 1978, 2480 = 5*x - 5*r. Let w = x - 279. List the prime factors of w.
5, 43
Suppose 6888 = 2*k - 3*t - 42594, 2*k = -2*t + 49492. What are the prime factors of k?
2, 3, 1031
Let q(v) be the first derivative of v**3 - 8*v**2 - 28*v + 131. List the prime factors of q(12).
2, 53
Let y(d) = -18*d**3 - 4*d**2 + 22*d + 26. Let f be y(-6). Suppose 125*i - 108*i = f. List the prime factors of i.
2, 107
Let b(u) = 35*u**3 - 6*u**2 - 7*u + 10. Let r be b(-3). Let a = -920 - r. List the prime factors of a.
2, 3
Let i = -15489 - -20425. List the prime factors of i.
2, 617
Suppose -31*j - 26427 = -82506. List the prime factors of j.
3, 67
Let u be ((-9094)/(-12) - 2) + 4/24. Let a = u + -383. What are the prime factors of a?
373
Suppose 41*s - 1116 = 50*s. Let n = 148 + s. List the prime factors of n.
2, 3
Suppose 200 = -7*a + 15*a. Let w = 578 - a. What are the prime factors of w?
7, 79
Suppose -a + 9*a - 32 = 0. Suppose 0 = -v - a*g + 13 + 21, 5*v - 4*g - 194 = 0. Suppose 67 = 4*q - x, q = 2*q + 4*x - v. What are the prime factors of q?
2, 3
Let t(u) = 6*u**2 + 11*u + 192. What are the prime factors of t(-24)?
2, 3, 47
Let w(c) = -8*c - 40. Let m be w(-13). Suppose -8*j = 8*j - m. Suppose y = 4*n - j*y - 865, -1080 = -5*n + 5*y. List the prime factors of n.
5, 43
Let g be ((-3)/(-9))/(4*(-1)/(-108)). Suppose -g = -2*b - 5*j, 4*j + 14 + 4 = 2*b. Suppose -2*s = -b*s + 110. What are the prime factors of s?
2, 11
Let o be (6/(-24))/((-2)/248). Let z = -11 + o. Suppose a + i - z = 0, 5*i + 24 = 4. What are the prime factors of a?
2, 3
Suppose -3*z + 16*c = 11*c - 17119, -5*z = 4*c - 28581. List the prime factors of z.
29, 197
Let j = 45344 + -25382. What are the prime factors of j?
2, 3, 1109
Let o(b) = 10*b + 106. Let a be o(-7). What are the prime factors of 223*10/8 + 9/a?
3, 31
Suppose 4*q = -w + 6*w - 55486, 2*q = 2*w - 22194. Suppose -21*b = 10*b - w. List the prime factors of b.
2, 179
What are the prime factors of 6 + 3 + (18791 - 2) - 2?
2, 37, 127
Let w(k) = -18*k - 209 - 50*k + 231. List the prime factors of w(-14).
2, 487
Suppose 3*q - 24083 = k, 2*k + 16062 = -13*q + 15*q. List the prime factors of q.
2, 4013
Suppose 20*z - 41472 = 35601 - 11873. What are the prime factors of z?
2, 5, 163
Suppose -10*t + 80 = -0*t. Let x(g) = 26*g + 138. List the prime factors of x(t).
2, 173
Suppose -4*q = 0, 0 = -3*o - 3*q + 14702 + 34291. List the prime factors of o.
7, 2333
What are the prime factors of 60459/18 + (33/18)/11?
3359
What are the prime factors of 5 - (-1 + 2) - -4061 - (49 - 43)?
3, 11, 41
Suppose 19084 = -73*x + 80331. List the prime factors of x.
839
Suppose 0 = -8*a + 4*a - 20. Let y be (-3)/(-12)*20/a. Let x(i) = 47*i**2 - 1. List the prime factors of x(y).
2, 23
Let o = 37 + -32. Suppose -5*j - 2*c = -1005, 81 = o*j - 3*c - 949. Suppose j + 192 = 5*n - 5*k, -2*k = -n + 77. What are the prime factors of n?
3
Suppose 283*b - 143*b - 124749 = 131*b. What are the prime factors of b?
83, 167
Let s be (-6)/(-4) - 6*(-11)/132. Suppose a = -i + 36, 0 = -a - a - 5*i + 84. List the prime factors of (4 + 3 - s) + a.
37
Suppose -2*p = -3*b - 11, 2*p - 6*b - 12 = -2*b. Suppose -12 = -4*m, p*c - 4*m = 2428 + 1860. What are the prime factors of c?
5, 43
Suppose 42*w - 221*w + 2308284 = 22*w. List the prime factors of w.
2, 3, 11, 29
Let z = -60 + 76. Suppose -3*i = 3*t - 6 - 240, i - t = 82. List the prime factors of (i - z) + (1 - 4).
3, 7
Suppose 9*w = 12*w - 48. Suppose -4*m + w = 4*n, 3*n = m - 5*m + 10. Suppose 0 = -4*p + 4*f + 492, -133 = 5*p - n*p + 3*f. What are the prime factors of p?
2, 59
Suppose -5*m + 3*x + 9457 + 10732 = 0, -5*m + 20165 = 5*x. List the prime factors of m.
2, 1009
Let h = -19 - -27. Suppose u = -27 + h. Let g = u - -39. What are the prime factors of g?
2, 5
Let k = 3846 - -3346. What are the prime factors of k?
2, 29, 31
Let q = 49528 - -9450. List the prime factors of q.
2, 37, 797
Let p(c) = 5*c**2 + 36*c - 823. What are the prime factors of p(38)?
5, 1553
Let a(m) = -109*m**3 + 5*m**2 + 10*m + 4. Suppose 16 = -s - 3*s. Let p be a(s). What are the prime factors of p/126 + ((-4)/14)/(-1)?
2, 7
Let y(w) = 406*w**3 - 2*w**2 + 5*w - 23. What are the prime factors of y(3)?
2, 1367
Let m = -21 - -21. Suppose -5*l + 25 = m, -2*a + 4*l = -68 - 86. Suppose 105 + a = 3*n. What are the prime factors of n?
2
Let d(c) = c + 2. Let q(h) = h**2 - 2*h - 3. Let x be (-2)/(-3) - 39/(-9). Let g(n) = x*d(n) + 3*q(n). What are the prime factors of g(1)?
3
Suppose 310*d + 86457 = 331*d. List the prime factors of d.
23, 179
Suppose -m + l - 451 = 0, -567 = 2*m + 5*l + 300. Let x = m + 1453. List the prime factors of x.
19, 53
Suppose 3*c - 54558 = -5*g, 6*g - g = c + 54574. What are the prime factors of (-5)/(-2)*g/85?
3, 107
Suppose -37*g = -48*g + 594. Suppose -g*c + 3696 = -42*c. List the prime factors of c.
2, 7, 11
Let v be (-1 - (3 + -16))*(-3)/(-6). Let n(r) = 12*r - 62. Let h be n(v). Suppose -h*g + 3641 - 1171 = 0. What are the prime factors of g?
13, 19
Let f(c) = -2800*c - 4285. List the prime factors of f(-6).
5, 2503
Suppose 2*s + 14 = 9*s. Suppose 11*z - 6*z = s*l + 3678, 3*z = 5*l + 2222. What are the prime factors of z?
2, 367
Let o(g) = 21*g - 22*g**2 - 180*g**3 - 7*g + 38 + 92*g**3 + 87*g**3. What are the prime factors of o(-23)?
5, 7
Let r(a) = -a**2 + 188*a + 173. List the prime factors of r(39).
2, 11, 17
Let x(s) = -3*s + 0*s**2 + 16*s + s**2 - 5. List the prime factors of x(6).
109
Let z(k) = 6*k**2 - 26 + 2*k + 6 + 21*k**2. List the prime factors of z(4).
2, 3, 5, 7
Suppose 0 = 4*h + 79 - 51. Let u(b) = -b**2 - 16*b + 4. Let n be u(h). Suppose -3*k + 314 = 5*q, -q + 2*k = 12 - n. What are the prime factors of q?
61
Let q(m) = 88*m**2 - 57*m + 43. Let h be q(15). Suppose -2558 = 31*k - h. What are the prime factors of k?
2, 5, 53
Let y(n) = -3*n**2 - 8*n + 11. Let d be y(-5). Let c be ((-12)/d)/((-2)/(-40)). Suppose 275 = c*x - 195. What are the prime factors of x?
47
Let b(u) = 137*u + 1855. What are the prime factors of b(67)?
2, 3, 613
Let b = -8883 + 12180. What are the prime factors of b?
3, 7, 157
Suppose 0 = -1073*t + 1051*t + 419650. List the prime factors of t.
5, 7, 109
Suppose f - 9 = -5*u, 4*f + 9 = u + 3. List the prime factors of (f + (-1)/(-2))/((-25)/7850).
157
Let j(p) = 2*p**3 + 192*p**2 + 5*p - 664. What are the prime factors of j(-95)?
3, 1879
List the prime factors of (-3392)/212 - (-20073 + 0).
31, 647
Suppose -5*p - 40827 = -4*v - 246142, -2*v + 205315 = 5*p. List the prime factors of p.
11, 3733
Suppose 55*r - 326227 = 8*r. What are the prime factors of r?
11, 631
Let h = -443 - -446. Suppose 0 = -o + 3 - 1, 3*a + 5*o = 1738. Suppose -h*b = -4*k - 578, -3*b + 0*b + a = -3*k. List the prime factors of b.
2, 5, 19
Let o(t) = -t**3 + 36*t**2 - 69*t + 53. Let m be o(34). Suppose -15*b + 3*n = -m*b + 1133, -3*n = -5*b + 1396. List the prime factors of b.
281
Suppose 13*w + 17659 - 10745 = 78583. List the prime factors of w.
37, 149
Let f(g) = 94*g + 48. Let w be f(6). Suppose 0*l = -3*l + w. List the prime factors of l.
2, 3, 17
Suppose -3*a - 5*p + 28278 = 0, -177*a + p - 28266 = -180*a. List the prime factors of a.
9421
Suppose -3*g = -5*k + 4715, -2*k = 2*g + g - 1865. Suppose 0 = -t + 2*w + k, -w = -2*t + 884 + 981. What are the prime factors of t?
2, 3, 5, 31
Let n = -295 + 283. List the prime factors of (n + 10 + (-9)/2)*-80.
2, 5, 13
Suppose 3*p = 4*y - 17 + 2, 0 = y + 3*p. Let u be y - (308/(-2) + -2). Suppose -3*w + u = -30. List the prime factors of w.
3, 7
Let f(g) = g**3 - 3*g**2 - 8*g + 52. Let l be f(-11). Let p = l - -2913. List the prime factors of p.
3, 151
Let z(x) = 5*x**3 + 4*x**2 - 16*x + 22.